
{"id":4946,"date":"2023-09-19T21:20:23","date_gmt":"2023-09-19T19:20:23","guid":{"rendered":"https:\/\/www.xn--mhlau-kva.org\/website\/?page_id=4946"},"modified":"2023-09-24T14:44:53","modified_gmt":"2023-09-24T12:44:53","slug":"14-weg-der-erinnerung","status":"publish","type":"page","link":"https:\/\/www.xn--mhlau-kva.org\/website\/muehlau-stadtteil-fest-2023\/14-weg-der-erinnerung\/","title":{"rendered":"14. Weg der Erinnerung"},"content":{"rendered":"\n<figure class=\"wp-block-image size-large\"><img decoding=\"async\" loading=\"lazy\" width=\"1030\" height=\"543\" src=\"https:\/\/www.xn--mhlau-kva.org\/website\/wp-content\/uploads\/2023\/09\/Luftschutzstollen-1030x543.jpg\" alt=\"\" class=\"wp-image-5181\" srcset=\"https:\/\/www.xn--mhlau-kva.org\/website\/wp-content\/uploads\/2023\/09\/Luftschutzstollen-1030x543.jpg 1030w, https:\/\/www.xn--mhlau-kva.org\/website\/wp-content\/uploads\/2023\/09\/Luftschutzstollen-300x158.jpg 300w, https:\/\/www.xn--mhlau-kva.org\/website\/wp-content\/uploads\/2023\/09\/Luftschutzstollen-768x405.jpg 768w, https:\/\/www.xn--mhlau-kva.org\/website\/wp-content\/uploads\/2023\/09\/Luftschutzstollen-710x375.jpg 710w, https:\/\/www.xn--mhlau-kva.org\/website\/wp-content\/uploads\/2023\/09\/Luftschutzstollen-705x372.jpg 705w, https:\/\/www.xn--mhlau-kva.org\/website\/wp-content\/uploads\/2023\/09\/Luftschutzstollen.jpg 1200w\" sizes=\"(max-width: 1030px) 100vw, 1030px\" \/><\/figure>\n\n\n\n<p><strong>Erinnerungsweg \/<\/strong> <strong>Luftschutzstollen \/ Kriegerdenkmal Kirchsteig<\/strong><\/p>\n\n\n\n<p>Das 1926 eingeweihte Kriegerdenkmal erinnert an die Gefallenen der beiden Weltkriege. In unmittelbarer N\u00e4he des ehemaligen Luftschutzstollens und der Pfarrkirche M\u00fchlau. Vier Tafeln am Kirchsteig informieren \u00fcber den Bau des Luftschutzstollens und \u00fcber Ereignisse rund um den M\u00fchlauer Kirchh\u00fcgel.&nbsp;<br><br><\/p>\n\n\n\n<div class=\"wp-block-buttons is-content-justification-center is-layout-flex wp-container-1 wp-block-buttons-is-layout-flex\">\n<div class=\"wp-block-button\"><a class=\"wp-block-button__link has-black-color has-luminous-vivid-amber-background-color has-text-color has-background wp-element-button\" href=\"http:\/\/xn--mhlau-kva.org\/website\/muehlau-stadtteil-fest-2023\/\">ZUR\u00dcCK ZUR STARTSEITE<\/a><\/div>\n\n\n\n<div class=\"wp-block-button\"><a class=\"wp-block-button__link has-black-color has-luminous-vivid-amber-background-color has-text-color has-background wp-element-button\" href=\"https:\/\/www.xn--mhlau-kva.org\/website\/muehlau-stadtteil-fest-2023\/15-kirche-sakristei-turm\/\">ZUR N\u00c4CHSTEN STATION<\/a><\/div>\n<\/div>\n","protected":false},"excerpt":{"rendered":"<p>Erinnerungsweg \/ Luftschutzstollen \/ Kriegerdenkmal Kirchsteig Das 1926 eingeweihte Kriegerdenkmal erinnert an die Gefallenen der beiden Weltkriege. In unmittelbarer N\u00e4he des ehemaligen Luftschutzstollens und der Pfarrkirche M\u00fchlau. Vier Tafeln am [&hellip;]<\/p>\n","protected":false},"author":3,"featured_media":0,"parent":4773,"menu_order":14,"comment_status":"closed","ping_status":"closed","template":"","meta":{"footnotes":""},"_links":{"self":[{"href":"https:\/\/www.xn--mhlau-kva.org\/website\/wp-json\/wp\/v2\/pages\/4946"}],"collection":[{"href":"https:\/\/www.xn--mhlau-kva.org\/website\/wp-json\/wp\/v2\/pages"}],"about":[{"href":"https:\/\/www.xn--mhlau-kva.org\/website\/wp-json\/wp\/v2\/types\/page"}],"author":[{"embeddable":true,"href":"https:\/\/www.xn--mhlau-kva.org\/website\/wp-json\/wp\/v2\/users\/3"}],"replies":[{"embeddable":true,"href":"https:\/\/www.xn--mhlau-kva.org\/website\/wp-json\/wp\/v2\/comments?post=4946"}],"version-history":[{"count":7,"href":"https:\/\/www.xn--mhlau-kva.org\/website\/wp-json\/wp\/v2\/pages\/4946\/revisions"}],"predecessor-version":[{"id":5182,"href":"https:\/\/www.xn--mhlau-kva.org\/website\/wp-json\/wp\/v2\/pages\/4946\/revisions\/5182"}],"up":[{"embeddable":true,"href":"https:\/\/www.xn--mhlau-kva.org\/website\/wp-json\/wp\/v2\/pages\/4773"}],"wp:attachment":[{"href":"https:\/\/www.xn--mhlau-kva.org\/website\/wp-json\/wp\/v2\/media?parent=4946"}],"curies":[{"name":"wp","href":"https:\/\/api.w.org\/{rel}","templated":true}]}}